{"id":167,"date":"2021-03-28T22:40:01","date_gmt":"2021-03-28T22:40:01","guid":{"rendered":"https:\/\/www.educosta.edu.co\/?page_id=167"},"modified":"2025-07-21T18:52:51","modified_gmt":"2025-07-21T18:52:51","slug":"tecnico-laboral-auxiliar-en-sistemas","status":"publish","type":"page","link":"https:\/\/www.educosta.edu.co\/?page_id=167","title":{"rendered":"T\u00c9CNICO LABORAL AUXILIAR EN SISTEMAS"},"content":{"rendered":"<p>[vc_row][vc_column width=&#8221;1\/2&#8243;][vc_gallery interval=&#8221;3&#8243; images=&#8221;964&#8243; img_size=&#8221;large&#8221;][\/vc_column][vc_column width=&#8221;1\/2&#8243;][vc_column_text]<strong><span style=\"color: black;\">Duraci\u00f3n<\/span><\/strong>: <span style=\"color: black;\">3 semestres<\/span><\/p>\n<p><strong><span style=\"color: black;\">Modalidad:<\/span><\/strong> <span style=\"color: black;\">Presencial<\/span><\/p>\n<p><strong><span style=\"color: black;\">Jornada:<\/span><\/strong> <span style=\"color: black;\">Nocturno<\/span><\/p>\n<p><span style=\"color: black;\"><strong>APROBACI\u00d3N<\/strong>: Resoluci\u00f3n No. 0914 del 01 de marzo del 2021 de la Secretar\u00eda de Educaci\u00f3n y Cultura Distrital.<\/span><\/p>\n<h5><strong><span style=\"color: black;\">PERFIL OCUPACIONAL<\/span><\/strong><\/h5>\n<p><span style=\"color: black;\">El T\u00e9cnico Laboral Auxiliar en sistemas egresado de la Corporaci\u00f3n de Educaci\u00f3n y servicios EDUCOSTA, est\u00e1 capacitado para:<\/span><\/p>\n<ul>\n<li><span style=\"color: black;\">Auxiliares en sistemas<\/span><\/li>\n<li><span style=\"color: black;\">T\u00e9cnicos en sistemas<\/span><\/li>\n<li><span style=\"color: black;\">Auxiliar en sistemas de informaci\u00f3n<\/span><\/li>\n<li><span style=\"color: black;\">T\u00e9cnico en instalaci\u00f3n y configuraci\u00f3n de equipos de comunicaciones<\/span><\/li>\n<li><span style=\"color: black;\">T\u00e9cnico en mantenimiento de equipos de computo<\/span><\/li>\n<\/ul>\n<p>&nbsp;[\/vc_column_text][\/vc_column][\/vc_row][vc_row][vc_column][vc_separator color=&#8221;orange&#8221; style=&#8221;double&#8221; border_width=&#8221;2&#8243;][\/vc_column][\/vc_row]<\/p>\n","protected":false},"excerpt":{"rendered":"<p>[vc_row][vc_column width=&#8221;1\/2&#8243;][vc_gallery interval=&#8221;3&#8243; images=&#8221;964&#8243; img_size=&#8221;large&#8221;][\/vc_column][vc_column width=&#8221;1\/2&#8243;][vc_column_text]Duraci\u00f3n: 3 semestres Modalidad: Presencial Jornada: Nocturno APROBACI\u00d3N: Resoluci\u00f3n No. 0914 del 01 de marzo del 2021 de la Secretar\u00eda de<span class=\"excerpt-hellip\"> [\u2026]<\/span><\/p>\n","protected":false},"author":1,"featured_media":0,"parent":0,"menu_order":0,"comment_status":"closed","ping_status":"closed","template":"","meta":[],"_links":{"self":[{"href":"https:\/\/www.educosta.edu.co\/index.php?rest_route=\/wp\/v2\/pages\/167"}],"collection":[{"href":"https:\/\/www.educosta.edu.co\/index.php?rest_route=\/wp\/v2\/pages"}],"about":[{"href":"https:\/\/www.educosta.edu.co\/index.php?rest_route=\/wp\/v2\/types\/page"}],"author":[{"embeddable":true,"href":"https:\/\/www.educosta.edu.co\/index.php?rest_route=\/wp\/v2\/users\/1"}],"replies":[{"embeddable":true,"href":"https:\/\/www.educosta.edu.co\/index.php?rest_route=%2Fwp%2Fv2%2Fcomments&post=167"}],"version-history":[{"count":10,"href":"https:\/\/www.educosta.edu.co\/index.php?rest_route=\/wp\/v2\/pages\/167\/revisions"}],"predecessor-version":[{"id":975,"href":"https:\/\/www.educosta.edu.co\/index.php?rest_route=\/wp\/v2\/pages\/167\/revisions\/975"}],"wp:attachment":[{"href":"https:\/\/www.educosta.edu.co\/index.php?rest_route=%2Fwp%2Fv2%2Fmedia&parent=167"}],"curies":[{"name":"wp","href":"https:\/\/api.w.org\/{rel}","templated":true}]}}

TÉCNICO LABORAL AUXILIAR EN SISTEMAS

<p>[vc_row][vc_column width=&#8221;1/2&#8243;][vc_gallery interval=&#8221;3&#8243; images=&#8221;964&#8243; img_size=&#8221;large&#8221;][/vc_column][vc_column width=&#8221;1/2&#8243;][vc_column_text]<strong><span style="color: black;">Duración</span></strong>: <span style="color: black;">3 semestres</span></p>
<p><strong><span style="color: black;">Modalidad:</span></strong> <span style="color: black;">Presencial</span></p>
<p><strong><span style="color: black;">Jornada:</span></strong> <span style="color: black;">Nocturno</span></p>
<p><span style="color: black;"><strong>APROBACIÓN</strong>: Resolución No. 0914 del 01 de marzo del 2021 de la Secretaría de Educación y Cultura Distrital.</span></p>
<h5><strong><span style="color: black;">PERFIL OCUPACIONAL</span></strong></h5>
<p><span style="color: black;">El Técnico Laboral Auxiliar en sistemas egresado de la Corporación de Educación y servicios EDUCOSTA, está capacitado para:</span></p>
<ul>
<li><span style="color: black;">Auxiliares en sistemas</span></li>
<li><span style="color: black;">Técnicos en sistemas</span></li>
<li><span style="color: black;">Auxiliar en sistemas de información</span></li>
<li><span style="color: black;">Técnico en instalación y configuración de equipos de comunicaciones</span></li>
<li><span style="color: black;">Técnico en mantenimiento de equipos de computo</span></li>
</ul>
<p>&nbsp;[/vc_column_text][/vc_column][/vc_row][vc_row][vc_column][vc_separator color=&#8221;orange&#8221; style=&#8221;double&#8221; border_width=&#8221;2&#8243;][/vc_column][/vc_row]</p>

<p>[vc_row][vc_column width=&#8221;1/2&#8243;][vc_gallery interval=&#8221;3&#8243; images=&#8221;964&#8243; img_size=&#8221;large&#8221;][/vc_column][vc_column width=&#8221;1/2&#8243;][vc_column_text]Duración: 3 semestres Modalidad: Presencial Jornada: Nocturno APROBACIÓN: Resolución No. 0914 del 01 de marzo del 2021 de la Secretaría de<span class="excerpt-hellip"> […]</span></p>
