{"id":159,"date":"2021-03-28T22:40:01","date_gmt":"2021-03-28T22:40:01","guid":{"rendered":"https:\/\/www.educosta.edu.co\/?page_id=159"},"modified":"2026-04-28T16:48:32","modified_gmt":"2026-04-28T16:48:32","slug":"tecnico-laboral-auxiliar-en-enfermeria","status":"publish","type":"page","link":"https:\/\/www.educosta.edu.co\/?page_id=159","title":{"rendered":"T\u00c9CNICO LABORAL AUXILIAR EN ENFERMER\u00cdA"},"content":{"rendered":"<p>[vc_row][vc_column width=&#8221;1\/2&#8243;][vc_gallery interval=&#8221;3&#8243; images=&#8221;1042,515,516&#8243; img_size=&#8221;large&#8221;][\/vc_column][vc_column width=&#8221;1\/2&#8243;][vc_column_text]<strong><span style=\"color: black;\">Duraci\u00f3n<\/span><\/strong>:<span style=\"color: black;\"> 3 semestres\u00a0<\/span><\/p>\n<p><strong><span style=\"color: black;\">Modalidad:<\/span><\/strong> <span style=\"color: black;\">Presencial<\/span><\/p>\n<p><strong><span style=\"color: black;\">Jornada:<\/span><\/strong> <span style=\"color: black;\">Diurno<\/span><\/p>\n<p><span style=\"color: black;\"><strong>APROBACI\u00d3N<\/strong>: Con concepto favorable de la comisi\u00f3n intersectorial para el talento humano en salud, Ministerio de Protecci\u00f3n social y resoluci\u00f3n No. 5124 del 6 de septiembre del 2024 de la Secretar\u00eda de Educaci\u00f3n y Cultura Distrital.<\/span><\/p>\n<h5><strong><span style=\"color: black;\">PERFIL OCUPACIONAL<\/span><\/strong><\/h5>\n<p><span style=\"color: black;\">El T\u00e9cnico Laboral Auxiliar en Enfermer\u00eda egresado de la Corporaci\u00f3n de Educaci\u00f3n y servicios EDUCOSTA, est\u00e1 capacitado para:<\/span><\/p>\n<ul>\n<li><span style=\"color: black;\">Ejercer funciones en el cuidado y atenci\u00f3n b\u00e1sica integral de la salud de las personas, familias y comunidad<\/span><\/li>\n<li><span style=\"color: black;\">Asistencia hospitalaria<\/span><\/li>\n<li><span style=\"color: black;\">Promoci\u00f3n de la salud<\/span><\/li>\n<li><span style=\"color: black;\">Prevenci\u00f3n de la enfermedad y rehabilitaci\u00f3n<\/span><\/li>\n<\/ul>\n<p><span style=\"color: black;\">Desempe\u00f1\u00e1ndose con calidad t\u00e9cnica, \u00e9tica y human\u00edstica.<\/span>[\/vc_column_text][\/vc_column][\/vc_row][vc_row][vc_column][vc_separator color=&#8221;orange&#8221; style=&#8221;double&#8221; border_width=&#8221;2&#8243;][\/vc_column][\/vc_row]<\/p>\n","protected":false},"excerpt":{"rendered":"<p>[vc_row][vc_column width=&#8221;1\/2&#8243;][vc_gallery interval=&#8221;3&#8243; images=&#8221;1042,515,516&#8243; img_size=&#8221;large&#8221;][\/vc_column][vc_column width=&#8221;1\/2&#8243;][vc_column_text]Duraci\u00f3n: 3 semestres\u00a0 Modalidad: Presencial Jornada: Diurno APROBACI\u00d3N: Con concepto favorable de la comisi\u00f3n intersectorial para el talento humano en salud,<span class=\"excerpt-hellip\"> [\u2026]<\/span><\/p>\n","protected":false},"author":1,"featured_media":0,"parent":0,"menu_order":0,"comment_status":"closed","ping_status":"closed","template":"","meta":[],"_links":{"self":[{"href":"https:\/\/www.educosta.edu.co\/index.php?rest_route=\/wp\/v2\/pages\/159"}],"collection":[{"href":"https:\/\/www.educosta.edu.co\/index.php?rest_route=\/wp\/v2\/pages"}],"about":[{"href":"https:\/\/www.educosta.edu.co\/index.php?rest_route=\/wp\/v2\/types\/page"}],"author":[{"embeddable":true,"href":"https:\/\/www.educosta.edu.co\/index.php?rest_route=\/wp\/v2\/users\/1"}],"replies":[{"embeddable":true,"href":"https:\/\/www.educosta.edu.co\/index.php?rest_route=%2Fwp%2Fv2%2Fcomments&post=159"}],"version-history":[{"count":17,"href":"https:\/\/www.educosta.edu.co\/index.php?rest_route=\/wp\/v2\/pages\/159\/revisions"}],"predecessor-version":[{"id":1044,"href":"https:\/\/www.educosta.edu.co\/index.php?rest_route=\/wp\/v2\/pages\/159\/revisions\/1044"}],"wp:attachment":[{"href":"https:\/\/www.educosta.edu.co\/index.php?rest_route=%2Fwp%2Fv2%2Fmedia&parent=159"}],"curies":[{"name":"wp","href":"https:\/\/api.w.org\/{rel}","templated":true}]}}

TÉCNICO LABORAL AUXILIAR EN ENFERMERÍA

<p>[vc_row][vc_column width=&#8221;1/2&#8243;][vc_gallery interval=&#8221;3&#8243; images=&#8221;1042,515,516&#8243; img_size=&#8221;large&#8221;][/vc_column][vc_column width=&#8221;1/2&#8243;][vc_column_text]<strong><span style="color: black;">Duración</span></strong>:<span style="color: black;"> 3 semestres </span></p>
<p><strong><span style="color: black;">Modalidad:</span></strong> <span style="color: black;">Presencial</span></p>
<p><strong><span style="color: black;">Jornada:</span></strong> <span style="color: black;">Diurno</span></p>
<p><span style="color: black;"><strong>APROBACIÓN</strong>: Con concepto favorable de la comisión intersectorial para el talento humano en salud, Ministerio de Protección social y resolución No. 5124 del 6 de septiembre del 2024 de la Secretaría de Educación y Cultura Distrital.</span></p>
<h5><strong><span style="color: black;">PERFIL OCUPACIONAL</span></strong></h5>
<p><span style="color: black;">El Técnico Laboral Auxiliar en Enfermería egresado de la Corporación de Educación y servicios EDUCOSTA, está capacitado para:</span></p>
<ul>
<li><span style="color: black;">Ejercer funciones en el cuidado y atención básica integral de la salud de las personas, familias y comunidad</span></li>
<li><span style="color: black;">Asistencia hospitalaria</span></li>
<li><span style="color: black;">Promoción de la salud</span></li>
<li><span style="color: black;">Prevención de la enfermedad y rehabilitación</span></li>
</ul>
<p><span style="color: black;">Desempeñándose con calidad técnica, ética y humanística.</span>[/vc_column_text][/vc_column][/vc_row][vc_row][vc_column][vc_separator color=&#8221;orange&#8221; style=&#8221;double&#8221; border_width=&#8221;2&#8243;][/vc_column][/vc_row]</p>

<p>[vc_row][vc_column width=&#8221;1/2&#8243;][vc_gallery interval=&#8221;3&#8243; images=&#8221;1042,515,516&#8243; img_size=&#8221;large&#8221;][/vc_column][vc_column width=&#8221;1/2&#8243;][vc_column_text]Duración: 3 semestres  Modalidad: Presencial Jornada: Diurno APROBACIÓN: Con concepto favorable de la comisión intersectorial para el talento humano en salud,<span class="excerpt-hellip"> […]</span></p>
